
Calculate the highest common divisor of 246 and 474.
6
What is the greatest common factor of 3178296 and 360?
72
What is the highest common divisor of 40480 and 780?
20
Calculate the highest common divisor of 290 and 2552.
58
Calculate the highest common divisor of 1701 and 4145337.
1701
What is the highest common factor of 174 and 12644?
58
What is the highest common factor of 6088 and 22069?
761
What is the highest common factor of 192 and 129408?
192
Calculate the greatest common factor of 5901 and 49.
7
What is the greatest common divisor of 23684 and 133318?
382
Calculate the greatest common factor of 237545 and 21.
7
What is the highest common divisor of 1934803 and 403?
403
What is the highest common factor of 440063 and 65?
13
What is the greatest common factor of 25415 and 31200?
65
What is the highest common divisor of 557 and 4170259?
557
Calculate the highest common factor of 59556 and 39.
3
Calculate the greatest common divisor of 374 and 17842.
22
Calculate the greatest common factor of 1688 and 1802573.
211
Calculate the highest common divisor of 36361 and 52.
13
What is the highest common divisor of 82 and 210084?
82
What is the highest common factor of 26 and 4318873?
13
What is the highest common divisor of 2569 and 55784?
367
Calculate the greatest common divisor of 336305 and 5.
5
What is the highest common divisor of 1648 and 1391736?
824
Calculate the highest common factor of 17 and 673319.
17
Calculate the greatest common factor of 8086633 and 103.
103
What is the greatest common divisor of 272 and 4830992?
272
Calculate the highest common factor of 125 and 5440.
5
What is the greatest common factor of 441205 and 15?
5
What is the greatest common factor of 90 and 331938?
18
Calculate the highest common factor of 1102405 and 1940.
485
Calculate the highest common factor of 89210 and 66.
22
Calculate the greatest common divisor of 203824 and 16.
16
What is the greatest common divisor of 9 and 252243?
9
What is the greatest common divisor of 6485 and 15?
5
Calculate the greatest common factor of 35 and 392525.
35
What is the highest common divisor of 78 and 39728?
26
What is the greatest common divisor of 2925 and 325?
325
Calculate the highest common factor of 1333109 and 212.
53
Calculate the highest common factor of 63 and 21679.
7
Calculate the highest common factor of 263424 and 36.
12
What is the highest common divisor of 6 and 3184?
2
What is the greatest common factor of 2904 and 649?
11
Calculate the highest common divisor of 71 and 935141.
71
What is the greatest common divisor of 27879912 and 18?
18
What is the greatest common factor of 83822 and 4?
2
What is the highest common factor of 225 and 248775?
75
What is the highest common factor of 16716 and 2226?
42
Calculate the greatest common factor of 69944 and 196.
28
Calculate the greatest common divisor of 22341 and 231.
33
What is the highest common divisor of 546 and 5142?
6
What is the greatest common factor of 222 and 18?
6
What is the highest common divisor of 195 and 356330?
65
What is the highest common factor of 17219 and 1285?
257
What is the highest common factor of 952 and 31633?
7
Calculate the highest common divisor of 1021 and 1.
1
Calculate the highest common factor of 14820 and 149292.
156
Calculate the greatest common divisor of 38916 and 44.
4
What is the greatest common factor of 192 and 69488?
16
Calculate the highest common factor of 43 and 832523.
43
What is the greatest common divisor of 15 and 48387?
3
What is the highest common factor of 227584 and 889?
889
What is the greatest common divisor of 385 and 2835?
35
Calculate the greatest common divisor of 2386476 and 152.
76
What is the highest common factor of 110 and 62810?
110
What is the highest common factor of 124 and 2611657?
31
Calculate the highest common factor of 3816 and 5004.
36
Calculate the greatest common factor of 7547 and 47.
1
Calculate the highest common factor of 4697685 and 15.
15
Calculate the greatest common divisor of 188 and 5484.
4
Calculate the greatest common factor of 26440 and 2970.
10
What is the greatest common divisor of 39307 and 23?
23
Calculate the highest common divisor of 3449 and 4.
1
Calculate the greatest common factor of 990 and 2367.
9
Calculate the greatest common factor of 3050 and 1550.
50
Calculate the highest common divisor of 1740 and 275500.
580
What is the highest common factor of 1210 and 12584?
242
Calculate the highest common factor of 130 and 146315.
65
What is the highest common factor of 1011049 and 13?
13
What is the greatest common factor of 12215 and 3745?
35
Calculate the highest common factor of 5661 and 7497.
153
What is the greatest common divisor of 893 and 329?
47
Calculate the highest common factor of 2 and 2648654.
2
What is the highest common divisor of 1764 and 110054?
98
Calculate the greatest common divisor of 34151 and 259.
37
Calculate the greatest common factor of 336 and 5240.
8
Calculate the greatest common factor of 1683 and 215237.
187
Calculate the highest common divisor of 240 and 1683480.
120
What is the greatest common factor of 22525 and 53?
53
What is the greatest common divisor of 652525 and 43?
43
What is the greatest common divisor of 494745 and 30?
15
Calculate the highest common factor of 40250 and 322.
322
What is the greatest common factor of 5 and 1804545?
5
Calculate the greatest common factor of 30212 and 6292.
52
What is the highest common divisor of 25 and 1844850?
25
What is the highest common factor of 1584642 and 327?
327
What is the greatest common factor of 1600 and 18075?
25
Calculate the greatest common factor of 69862 and 104.
26
What is the highest common divisor of 2200 and 2475?
275
Calculate the highest common factor of 924 and 1391852.
308
What is the greatest common divisor of 47663 and 6391?
77
What is the highest common divisor of 24 and 106422?
6
What is the highest common divisor of 174 and 821019?
87
Calculate the highest common factor of 3056 and 80.
16
What is the highest common factor of 8872 and 32?
8
What is the highest common divisor of 19710 and 2160?
270
Calculate the highest common factor of 75897 and 6237.
81
Calculate the greatest common divisor of 1240 and 7720.
40
What is the greatest common divisor of 3 and 72780?
3
Calculate the highest common divisor of 21732 and 48.
12
Calculate the greatest common factor of 56 and 1082508.
28
What is the greatest common divisor of 1467 and 11?
1
What is the greatest common factor of 1077 and 1745817?
1077
What is the highest common divisor of 135 and 1545?
15
What is the greatest common factor of 3870 and 6870?
30
What is the highest common divisor of 20199 and 12?
3
What is the highest common factor of 1652 and 5196366?
826
What is the highest common factor of 81954 and 1?
1
Calculate the highest common divisor of 36490 and 712.
178
What is the greatest common divisor of 600 and 26075?
25
Calculate the highest common divisor of 8771 and 4833.
179
Calculate the greatest common factor of 267 and 1053404.
89
What is the greatest common factor of 1196 and 910?
26
What is the highest common factor of 50757 and 147?
21
What is the highest common factor of 132 and 25916?
44
What is the greatest common factor of 6647 and 1541?
23
What is the greatest common factor of 925 and 46065?
185
Calculate the greatest common factor of 273389 and 31.
31
Calculate the highest common factor of 269 and 1762219.
269
Calculate the highest common factor of 300 and 25600.
100
Calculate the highest common divisor of 60 and 37560.
60
What is the greatest common divisor of 23 and 38111?
23
Calculate the highest common factor of 8460 and 10080.
180
Calculate the highest common factor of 111468 and 189.
21
What is the highest common factor of 6696 and 2418?
186
What is the highest common divisor of 589596 and 336?
84
Calculate the greatest common factor of 22 and 3905.
11
What is the greatest common divisor of 247 and 6812?
13
What is the highest common divisor of 39600 and 90?
90
What is the highest common divisor of 540 and 2580?
60
What is the greatest common divisor of 35 and 13700?
5
Calculate the greatest common divisor of 918 and 238476.
102
What is the highest common factor of 387555 and 20?
5
What is the greatest common factor of 2920 and